6*d + 1. Suppose -7 - 1 = 2*i, 0 = -5*r - 3*i - 22. Let u(h) = -105*h - 3. Let x(n) = r*u(n) - 9*b(n). Is x(-4) a prime number?
False
Let y(p) = 26*p**2 - 2 + 9*p + 2*p + 0 - 9*p. Is y(4) prime?
False
Let d = 1918 + -479. Is d composite?
False
Let a(w) = w**3 - 6*w**2 - 10*w + 5. Let z be a(7). Let p be (3 + z/4)/(-1). Is (1 + p - -51)*1 a prime number?
True
Let y(a) = 30*a + 1. Let f be -2 + 0 + (-3 - -9). Is y(f) prime?
False
Let i(m) = -4*m - 2 + 2*m**2 - 1 + 10*m. Let r be 7*(-1)/((3 - 1) + -1). Is i(r) prime?
True
Let a be (((-72)/10)/6)/((-2)/5). Suppose -g + 2117 = -2*r, -4*g + a*r + r = -8456. Is g a prime number?
True
Let q(u) = -3*u**2 - 3*u + 21. Let i be q(-19). Let s be -2*(i/(-10) - -1). Let d = -42 - s. Is d a prime number?
False
Let l be ((-2)/(-1))/2 - 1. Suppose d + l = 5. Suppose 0 = 3*h - d*p - 1786, -p = -5*p - 20. Is h a composite number?
False
Suppose -12*h - 20*h + 372192 = 0. Is h prime?
False
Let h = 28 - 22. Let t be (-752)/h*(1 - -2). Let k = 123 - t. Is k composite?
False
Suppose i + 0 = 2. Let g(u) = u**3 + 7 - 12*u + 4 + 3 - 7*u**i. Is g(10) a prime number?
False
Let m = -39 - -41. Suppose -m*f = -0*f + 3*v - 3877, 3*f + 4*v = 5817. Is f a prime number?
False
Let r be ((-3)/(-9))/(7/(-7329)). Let f = r + 798. Is f a composite number?
False
Let q be 0*(0 + -3 - -2). Suppose q = -3*h - 170 - 88. Let x = h - -145. Is x composite?
False
Is (3266/4)/(2 - (-27)/(-18)) a prime number?
False
Suppose 0 = -4*s - 4*x + 252984, 0 = -2*s + 5*x + 115925 + 10532. Is s a composite number?
False
Let z = -11333 - -21690. Is z prime?
True
Suppose 3*z = 3*k + 67269, 0*z - 2*z = 2*k - 44838. Is z a composite number?
True
Let j be (-6)/36*-1 + (-11465)/(-6). Let c = 4 + 1. Suppose -4*r - 962 = -2*s, -s - 3*s - c*r + j = 0. Is s a prime number?
True
Let l = -13 + 16. Suppose -4*m + 5*a + 15 + 21 = 0, -l*m - 4 = 4*a. Suppose c + 63 = m*c. Is c prime?
False
Let k(o) = 9*o + 17. Let l(z) = -8*z - 17. Let i(c) = -7*k(c) - 6*l(c). Is i(-8) composite?
False
Is (8496 - (9 - 8)) + 6 a prime number?
True
Let f = -1329 + 2072. Is f a composite number?
False
Let b(f) = -3*f - 2. Let y be b(-1). Let p(c) = 163*c**3 - c**2 + 2*c - 1. Is p(y) a composite number?
False
Suppose -4*v = -2*c - 586, 0 = -7*v + 2*v + 5*c + 735. Let t = 47 + 32. Let m = v - t. Is m prime?
True
Is 3/(-9) - 1258/(-3) prime?
True
Let i(d) = 37*d + 2. Suppose 2*y + 5 = y. Let j be (y/(-2))/1*2. Is i(j) composite?
True
Is (-190354)/(-14) - (104/28 + -4) a prime number?
True
Let u = 73859 - 45910. Is u a composite number?
True
Suppose 4*i + 0 - 8 = 0. Let p be 453/(i/(-2)) - 1. Let a = -215 - p. Is a prime?
True
Suppose -68717 = -d + 2*c, 23*d - 137434 = 21*d + 2*c. Is d composite?
True
Let l be -2*1*3/3. Let f be 131 + (-3 - (-6 - l)). Let b = -50 + f. Is b a composite number?
True
Is ((-268)/10)/((-96)/1680) prime?
False
Let k(h) = -h + 8. Let x be k(6). Suppose 2*l - 2 = l. Is (x/4)/(l/124) prime?
True
Suppose -o = -3*h - 4*o, o + 2 = 0. Is 2 + h/(-1) + 203 prime?
False
Suppose 0*o + 4*o - 20 = 0. Suppose 3*s + 2*s - 5*t - 920 = 0, -3*t - 922 = -o*s. Is s prime?
False
Let k = -795 - -1018. Is k a prime number?
True
Let o(d) = d**2 + d + 331. Suppose -2*s - 3*s - 3*g = -6, 0 = 5*s - 5*g + 10. Is o(s) a composite number?
False
Let b(m) = -901*m - 441. Is b(-12) a composite number?
True
Let y(c) = -c**3 - 14*c**2 + 3*c + 1. Let g be (-4 - -2)*15/2. Let t be y(g). Let o = t + 198. Is o composite?
False
Is 10 + 1895688/32 - (-5)/(-4) prime?
False
Suppose m - 3*m + 10490 = 0. Suppose -n - m = -6*n. Is n composite?
False
Suppose 5*j + 2*z + 18021 = -z, z = -j - 3603. Let p = -1049 - j. Is p composite?
False
Suppose 0 = -5*a - 219 - 516. Let n = a + 304. Is n composite?
False
Suppose 0 = -5*c + 4*t + 150775, -5*t + 120594 = 4*c - 3*t. Is c a prime number?
False
Suppose -2*v + 17*s - 15*s + 1350 = 0, 2*v + s = 1344. Is v a prime number?
True
Let u(x) = x**3 - 6*x**2 + 2*x - 9. Let s be u(6). Suppose -5*q = 5*a + 50, 7*a - s*a = 3*q + 16. Let d = q - -10. Is d a composite number?
False
Let y(m) = 223*m - 160. Is y(11) composite?
False
Suppose 1797 = 5*s + 8387. Let w = -867 - s. Is w prime?
False
Let j be (-4)/3*(0 - -160 - 4). Let b(y) = -131*y + 2. Let n be b(-3). Let p = j + n. Is p composite?
True
Is (-55535)/(-25) + (24/(-10) - -2) composite?
False
Suppose 6*h = 5*h + 3. Let d(r) = -r - 6. Let q be d(-8). Suppose 4*p - q*w - 3*w = 208, -129 = -3*p - h*w. Is p a composite number?
False
Let z = -13 + 15. Suppose -z*x - 5*y = -442, -2*x - 2*y + 3*y = -418. Is x a composite number?
False
Suppose -4 + 40 = -i. Let j = 13 + i. Is (-13 - (-1 + -1))*j a prime number?
False
Let l(g) be the first derivative of 7*g**2 - 5*g + 21. Let y = -11 + 18. Is l(y) composite?
True
Suppose 62214 = -s + 7*s. Is s a prime number?
True
Let v be 4/8 - 43/2. Let h = -17 - v. Suppose 2*j + 1878 = 4*q, j - 15 = h*j. Is q a composite number?
False
Let i be 2/(-8) - 6/(-24). Suppose -5*s + 2*j = -i*s - 5, 11 = -3*s + 4*j. Suppose u - s*o - 166 = 0, 2*u - 4*o - 81 = 249. Is u prime?
True
Let m(q) = -3556*q + 3. Let z be m(-1). Suppose -2658 = -3*s + 3*v, -4*s = -0*s + v - z. Is s a composite number?
True
Suppose 0 = -u + 188 + 38. Suppose g - 2*g + u = 0. Is g a composite number?
True
Let t(z) = 61*z**2 + z + 7. Is t(9) prime?
True
Let b = 70496 + -969. Is b composite?
True
Suppose -4073 = 5*r - 19518. Is r prime?
True
Let f = 31 - 22. Let m be f/(-63) + (-44)/(-14). Suppose 3*b - 2*j = 2021, 641 = 5*b - m*j - 2729. Is b prime?
True
Suppose 2*u = -2*u. Suppose 5*k - 62 - 1323 = u. Is k a composite number?
False
Let o(x) = -4*x**3 - x**2 - x. Let j be o(3). Let q(n) = -n**3 + 6*n**2 - 4*n - 4. Let s be q(9). Let f = j - s. Is f a prime number?
True
Let v(q) = q**3 + 4*q**2 + 4*q + 3. Let f be v(-2). Suppose 6 = f*s - 0. Suppose s*o + 412 = 6*o. Is o a composite number?
False
Let c(u) = u**2 - 4*u + 9. Let z be c(5). Suppose -3480 - 9722 = -z*s. Is s a prime number?
False
Let s be (4 - 0)*714/(-24). Let q = s + 232. Is q a composite number?
False
Suppose 21*b - 109103 = -44612. Is b a composite number?
True
Let v(l) = l**3 + 4*l**2 - 3*l + 2. Let y be v(-5). Is -2*(3 - (-892)/y) prime?
False
Let i be (4 + 2802/(-9))*3. Let m = -329 - i. Is m a composite number?
False
Let p = -178 + 104. Let z = 127 + p. Suppose z = 3*c - 2*c. Is c composite?
False
Let y be -4 + 0 + (1643 - 1). Suppose -5*p - 3*v - 2509 = y, -2*p = -3*v + 1642. Let t = 1440 + p. Is t a prime number?
True
Let z = 27 + -21. Suppose z*a = 469 + 143. Let l = a + -19. Is l a composite number?
False
Let b(g) = -g**3 + 14*g**2 - 14*g + 14. Let a be b(13). Let z be ((-3)/6)/(a/(-640)). Let r = 15 + z. Is r prime?
False
Let f be (14/6)/(4/(-72)). Let w = f + 24. Let v = w + 56. Is v a prime number?
False
Let j(u) = u**2 + 6*u - 11. Let x be j(-8). Suppose -x*v = 135 - 1310. Suppose -3*m = w - 200, w - 4*m = -0*w + v. Is w a composite number?
True
Let b be (-8 - -10) + 576 + -1. Suppose -4*k + 2372 = 4*s, -3*s + b = -2*s - 3*k. Is s a composite number?
True
Let j(b) = -10 - 8 + 94*b + 646*b - 109*b. Is j(5) a prime number?
True
Is (-5493)/(-6)*(-1 + 0)*-2 a composite number?
False
Let b(j) = j**3 - j**2 - 4*j + 4. Let q be b(2). Suppose -238 = -p - 5*r, q*p - 452 = -2*p - 2*r. Is p a composite number?
False
Suppose -b = -1, -3*a - 3*b = -31 - 8. Let m be 2/8 - 3/a. Suppose 0 = -5*f - m*h + 3*h + 334, 0 = 5*f + 4*h - 313. Is f a prime number?
False
Let m(x) = x**2 - 13*x - 6. Let o be m(11). Let h = 183 - o. Is h a composite number?
False
Let m be (-6)/(7/((-21)/6)). Suppose h = m*i - 5006, 0*h + 5 = 5*h. Is i composite?
False
Let f(y) = -3*y**3 + 23*y**2 + 10*y + 34. Let u(t) = t**3 - 8*t**2 - 3*t - 11. Let w(z) = -6*f(z) - 17*u(z). Is w(8) a prime number?
False
Suppose 0 = 2*p - 6, 2*j = -2*p - 0*p + 1580. Is j a composite number?
False
Let o = -1246 + 1743. Is o composite?
True
Let y be 156*1*20/(-30). Let g = 197 + y. Is g a prime number?
False
Let g be (-12 + 3)/((-1)/(-4)). Let z be (-8)/g + (-212)/(-18). Is (-2577)/(-9) + 8/z a prime number?
False
Suppose 5*k = 4*h + 11963, 4*k - 4788 = 2*k + 3*h. Is k a composite number?
True
Let t(o) = 49*o**2 - 7*o + 13. Let i be t(6). Suppose i = -z + 6*z. Let y = z + -88. Is y prime?
False
Suppose -3*v + 5047